3?
163
What is the remainder when 29561 is divided by 4221?
14
Calculate the remainder when 910542 is divided by 275.
17
What is the remainder when 4743609 is divided by 316239?
24
Calculate the remainder when 39755699 is divided by 886.
879
Calculate the remainder when 936045 is divided by 399.
390
Calculate the remainder when 3895496 is divided by 2334.
50
What is the remainder when 3412557 is divided by 67?
46
Calculate the remainder when 15942359 is divided by 21.
20
What is the remainder when 136321 is divided by 252?
241
What is the remainder when 27085 is divided by 1611?
1309
Calculate the remainder when 188446 is divided by 191.
120
What is the remainder when 6780241 is divided by 1356044?
21
What is the remainder when 485747843 is divided by 55?
53
What is the remainder when 20013726 is divided by 1413?
1407
What is the remainder when 164839 is divided by 1811?
38
What is the remainder when 37166 is divided by 32682?
4484
What is the remainder when 2894239 is divided by 967?
8
What is the remainder when 214309 is divided by 214281?
28
Calculate the remainder when 283860 is divided by 40526.
178
What is the remainder when 503248 is divided by 503224?
24
Calculate the remainder when 250025 is divided by 11901.
104
Calculate the remainder when 556663 is divided by 69578.
39
Calculate the remainder when 17356207 is divided by 488.
487
Calculate the remainder when 2220854 is divided by 538.
528
Calculate the remainder when 6423431 is divided by 31.
14
Calculate the remainder when 1273916 is divided by 212314.
32
Calculate the remainder when 5356976 is divided by 5356972.
4
Calculate the remainder when 8399158 is divided by 2799707.
37
What is the remainder when 3008698 is divided by 2302?
2286
What is the remainder when 289004462 is divided by 75?
62
Calculate the remainder when 12271420 is divided by 32464.
28
Calculate the remainder when 2354 is divided by 1077.
200
What is the remainder when 46692 is divided by 7642?
840
What is the remainder when 12403 is divided by 1771?
6
Calculate the remainder when 1508801 is divided by 754398.
5
Calculate the remainder when 154387 is divided by 7692.
547
Calculate the remainder when 53944486 is divided by 2839183.
9
What is the remainder when 41790 is divided by 1301?
158
What is the remainder when 68278 is divided by 1830?
568
What is the remainder when 310129 is divided by 50?
29
Calculate the remainder when 93227820 is divided by 31075940.
0
What is the remainder when 1543881 is divided by 30272?
9
Calculate the remainder when 209771 is divided by 208279.
1492
Calculate the remainder when 928839 is divided by 720.
39
Calculate the remainder when 56667127 is divided by 201.
1
Calculate the remainder when 888090 is divided by 66.
60
Calculate the remainder when 3660149 is divided by 609934.
545
What is the remainder when 3032495 is divided by 1187?
897
What is the remainder when 191085776 is divided by 34?
30
Calculate the remainder when 983538 is divided by 11305.
3
What is the remainder when 15523945 is divided by 1171?
1169
Calculate the remainder when 13670951 is divided by 11615.
96
Calculate the remainder when 7315951 is divided by 24716.
15
What is the remainder when 3639273 is divided by 4302?
4083
Calculate the remainder when 1988411 is divided by 100.
11
What is the remainder when 469621 is divided by 33539?
75
Calculate the remainder when 6375644 is divided by 725.
719
Calculate the remainder when 6413999 is divided by 90.
59
Calculate the remainder when 3062904 is divided by 38.
28
Calculate the remainder when 101351 is divided by 642.
557
What is the remainder when 222945 is divided by 74153?
486
What is the remainder when 147278077 is divided by 73639038?
1
What is the remainder when 11551494 is divided by 7?
3
What is the remainder when 2853539 is divided by 842?
1
What is the remainder when 370723 is divided by 123338?
709
Calculate the remainder when 10870073 is divided by 156.
149
Calculate the remainder when 548559 is divided by 3746.
1643
What is the remainder when 6778522 is divided by 9454?
4
What is the remainder when 24626364 is divided by 776?
4
What is the remainder when 10784618 is divided by 662?
638
What is the remainder when 52347 is divided by 5060?
1747
Calculate the remainder when 229494 is divided by 1607.
1300
Calculate the remainder when 510505 is divided by 124.
121
Calculate the remainder when 13568415 is divided by 67.
44
What is the remainder when 13751995 is divided by 1381?
1378
Calculate the remainder when 201045 is divided by 5824.
3029
What is the remainder when 51457 is divided by 131?
105
What is the remainder when 13751790 is divided by 1837?
8
Calculate the remainder when 14866037 is divided by 2474.
2245
What is the remainder when 85764 is divided by 31?
18
What is the remainder when 144663 is divided by 48214?
21
What is the remainder when 388121 is divided by 179?
49
Calculate the remainder when 31521 is divided by 6250.
271
Calculate the remainder when 70578733 is divided by 23526233.
34
Calculate the remainder when 54890225 is divided by 27.
8
What is the remainder when 11408462 is divided by 99?
98
Calculate the remainder when 26348 is divided by 26178.
170
What is the remainder when 99821 is divided by 1218?
1163
What is the remainder when 31674552 is divided by 7918633?
20
Calculate the remainder when 9687706 is divided by 1614610.
46
Calculate the remainder when 40592 is divided by 1797.
1058
What is the remainder when 157709 is divided by 6778?
1815
What is the remainder when 570843 is divided by 1340?
3
Calculate the remainder when 7722462 is divided by 16.
14
What is the remainder when 7228 is divided by 1234?
1058
What is the remainder when 579211 is divided by 183?
16
Calculate the remainder when 3755446 is divided by 139090.
16
Calculate the remainder when 2812632 is divided by 3108.
3000
Calculate the remainder when 6033654 is divided by 15.
9
Calculate the remainder when 3012755 is divided by 59.
38
What is the remainder when 5939782 is divided by 27?
25
What is the remainder when 4579530 is divided by 59?
9
What is the remainder when 185823 is divided by 1970?
643
What is the remainder when 2541361 is divided by 165?
31
What is the remainder when 1298148 is divided by 74?
40
What is the remainder when 550385 is divided by 2776?
737
What is the remainder when 2528028 is divided by 981?
972
Calculate the remainder when 1457595 is divided by 485843.
66
Calculate the remainder when 13327099 is divided by 536.
531
Calculate the remainder when 394742388 is divided by 2555.
2553
Calculate the remainder when 4012426 is divided by 331.
44
What is the remainder when 6588902 is divided by 6943?
6938
What is the remainder when 923254 is divided by 153875?
4
What is the remainder when 9940 is divided by 1385?
245
What is the remainder when 61254866 is divided by 37012?
6
Calculate the remainder when 3246078 is divided by 1082021.
15
What is the remainder when 2624985 is divided by 1312219?
547
Calculate the remainder when 42469 is divided by 568.
437
What is the remainder when 28495743 is divided by 14247821?
101
Calculate the remainder when 52407 is divided by 3322.
2577
What is the remainder when 143998256 is divided by 2047?
2041
What is the remainder when 1491587 is divided by 2541?
20
Calculate the remainder when 226614 is divided by 16104.
1158
What is the remainder when 26448 is divided by 41?
3
Calculate the remainder when 94394 is divided by 31221.
731
Calculate the remainder when 39010 is divided by 4536.
2722
What is the remainder when 46132948 is divided by 57308?
8
Calculate the remainder when 68397248 is divided by 132.
128
What is the remainder when 844390992 is divided by 2921?
2917
Calculate the remainder when 11284496 is divided by 267.
8
Calculate the remainder when 2131372 is divided by 616.
12
What is the remainder when 154578 is divided by 691?
485
What is the remainder when 2894496 is divided by 723621?
12
What is the remainder when 563317 is divided by 1457?
915
What is the remainder when 2700538 is divided by 3788?
3482
Calculate the remainder when 16693574 is divided by 2384796.
2
Calculate the remainder when 932150 is divided by 155358.
2
Calculate the remainder when 32695 is divided by 6222.
1585
Calculate the